+ -2?
-45410031
In base 6, what is 0 + 34151425?
34151425
In base 9, what is 3104 - 288401?
-285286
In base 7, what is 100 + 533004?
533104
In base 2, what is -100111101 - -111000001000100?
110111100000111
In base 7, what is 4 + 40433211?
40433215
In base 15, what is 2600599 + 5?
260059e
In base 9, what is 1 + 34648808?
34648810
In base 7, what is -164 - -60061?
56564
In base 5, what is -232103211 + -14?
-232103230
In base 4, what is 320 + 2300211130?
2300212110
In base 7, what is -104536164 + -3?
-104536200
In base 11, what is 801a6299 - 3?
801a6296
In base 9, what is -6 + 4202564?
4202557
In base 14, what is 2a0 + 67?
327
In base 13, what is 52c07c - -b?
52c08a
In base 7, what is 4 - 4505441?
-4505434
In base 3, what is -20220000 - 12022110?
-110012110
In base 5, what is -1 + 1243100143?
1243100142
In base 7, what is 25 - 4412463?
-4412435
In base 6, what is 1 - -350544410?
350544411
In base 7, what is 3105430221 - 4?
3105430214
In base 2, what is -10000101110111010010011001 - 100?
-10000101110111010010011101
In base 4, what is 23013022113 - 1?
23013022112
In base 4, what is -221033330 - 221?
-221100211
In base 10, what is 29 - 3059564?
-3059535
In base 14, what is -3 + -1a534033?
-1a534036
In base 10, what is 1 + 1704310?
1704311
In base 5, what is -120213410442 - -4?
-120213410433
In base 11, what is -569 - -127791?
127223
In base 7, what is 6202463631 - 0?
6202463631
In base 3, what is 10121 + 1021002?
1101200
In base 2, what is 10001001011000000 + 1110000010?
10001011001000010
In base 12, what is -2 + -2b264491?
-2b264493
In base 2, what is 110 - -10011010111001101?
10011010111010011
In base 14, what is 9b68 - 7cac?
1c9a
In base 14, what is -63d7 - 9b?
-6494
In base 7, what is -2 + -2254361616?
-2254361621
In base 7, what is -3612166126 - -11?
-3612166115
In base 10, what is 1119 - -18397?
19516
In base 14, what is 5 - -a67208?
a6720d
In base 16, what is 146 - -cbc4e?
cbd94
In base 10, what is -4 - 6384995?
-6384999
In base 7, what is -2 + 2213406221?
2213406216
In base 11, what is -411158 - 117a?
-412327
In base 16, what is -20c4221 + c?
-20c4215
In base 11, what is 35 + 15965?
1599a
In base 6, what is -15320 + 2021533?
2002213
In base 15, what is -5957eb4 + 1?
-5957eb3
In base 12, what is 19a749 + 13?
19a760
In base 3, what is 1212 + -10110201000?
-10110122011
In base 5, what is -10 - 44444102213?
-44444102223
In base 10, what is -889098 + 0?
-889098
In base 4, what is 21013330211 - 1330?
21013322221
In base 12, what is 7 - -90b2b5?
90b300
In base 11, what is -1 - -2398269?
2398268
In base 16, what is 35c894 + 4?
35c898
In base 6, what is 455035454 + 5?
455035503
In base 8, what is 2175 + -261236?
-257041
In base 7, what is 114640123 - -102?
114640225
In base 12, what is -23869123a - 0?
-23869123a
In base 11, what is 18713 - 484?
1823a
In base 3, what is -111 + 101211201201120?
101211201201002
In base 15, what is -13 + 262468?
262455
In base 10, what is -207 - -28?
-179
In base 12, what is 10 + 21b329?
21b339
In base 10, what is -2 + 66147174?
66147172
In base 8, what is -273435 + 1047?
-272366
In base 4, what is -1 - -1312220110?
1312220103
In base 7, what is -5 - -66032520?
66032512
In base 6, what is 25155342 - -2?
25155344
In base 15, what is 16 - -1eba0?
1ebb6
In base 11, what is 16390 - -1a6?
16586
In base 10, what is 852 + -14600?
-13748
In base 15, what is 13d95 - -17a?
14020
In base 12, what is 870 + 5755b?
5820b
In base 4, what is 31103331 + -220?
31103111
In base 5, what is -2 - -11422323002?
11422323000
In base 14, what is 43754a5c + 1?
43754a5d
In base 4, what is -30131102003 - 13?
-30131102022
In base 5, what is -2011 - -1140431334?
1140424323
In base 11, what is -442346 + -61?
-4423a7
In base 5, what is -420412 - -24444?
-340413
In base 15, what is -26ca070 + -2?
-26ca072
In base 8, what is 156705031 + -13?
156705016
In base 8, what is -1720017 + -770?
-1721007
In base 9, what is 2 + -124153712?
-124153710
In base 10, what is -1016875 - 9?
-1016884
In base 6, what is 13331025 - 4?
13331021
In base 4, what is -3 + -2021013200233?
-2021013200302
In base 5, what is 4 - 342414144?
-342414140
In base 15, what is 16 - -211358?
21136e
In base 2, what is 1101100001000 + -1100010110111?
1001010001
In base 7, what is 110 - -445165?
445305
In base 2, what is 1000001001010011100010010 + 1?
1000001001010011100010011
In base 8, what is 355 - 1541335?
-1540760
In base 7, what is -3 - 143313152?
-143313155
In base 11, what is -284389 - -274?
-284115
In base 14, what is 3c9a002 - -5?
3c9a007
In base 6, what is 24404 - -325350?
354154
In base 13, what is -1804 + -54416?
-55c1a
In base 10, what is 102 + 204706?
204808
In base 3, what is 1100021222010 + 1?
1100021222011
In base 2, what is -110011 - 1000110000101010?
-1000110001011101
In base 5, what is -2440144314 - 4?
-2440144323
In base 11, what is 4155 - -4222?
8377
In base 5, what is 24023221 - -313?
24024034
In base 15, what is 30cc9 + -128?
30ba1
In base 12, what is -9a + -17281?
-1735b
In base 11, what is 11772354 + -5?
1177234a
In base 15, what is 2d + c1b871?
c1b89e
In base 7, what is -64251546 - 116?
-64251665
In base 2, what is -10110 + 101100100101000011010?
101100100101000000100
In base 8, what is 4514261403 + -2?
4514261401
In base 5, what is -4002222 - -1011?
-4001211
In base 6, what is 0 + -11513024555?
-11513024555
In base 3, what is -220012001 - 100122110?
-1020211111
In base 7, what is -12 + -233160544?
-233160556
In base 6, what is -304552 + -243112?
-552104
In base 4, what is 2031 + -1000232133?
-1000230102
In base 16, what is -1341ea - -1?
-1341e9
In base 16, what is 9d74f9c + -3?
9d74f99
In base 6, what is -4035135110 + 10?
-4035135100
In base 10, what is -17 - 4436250?
-4436267
In base 8, what is -1031115 + 1331?
-1027564
In base 3, what is -11100210 - 102221202?
-121022112
In base 5, what is 102323231 + 30?
102323311
In base 3, what is 22220 - -11120022?
11220012
In base 14, what is 19a490 + 70?
19a520
In base 5, what is 2 - -14001133140?
14001133142
In base 3, what is -12011001110201 + 101?
-12011001110100
In base 14, what is 287b767 + 1?
287b768
In base 13, what is 6 - -bb625?
bb62b
In base 5, what is 432 + 1023010?
1023442
In base 4, what is 30 - 100332112?
-100332022
In base 14, what is 471c9 - -6c?
47257
In base 7, what is -42551032 + 4?
-42551025
In base 9, what is 0 + 1606686?
1606686
In base 9, what is 85344163 + -2?
85344161
In base 15, what is -3 - -2d3830?
2d382c
In base 12, what is -27 - a17158?
-a17183
In base 4, what is 122223 - -3122010?
3310233
In base 11, what is 708307272 - -5?
708307277
In base 12, what is 3 - 4291a365?
-4291a362
In base 14, what is -5cdbc - -169?
-5cc53
In base 16, what is -83 - ad3d0d?
-ad3d90
In base 15, what is 9045954 + 3?
9045957
In base 7, what is 415100526 + -5?
415100521
In base 7, what is -6 - 201404235?
-201404244
In base 13, what is 2 - -25a276?
25a278
In base 14, what is 32 + -121115?
-1210c3
In base 13, what is -3c519 + 169?
-3c380
In base 2, what is -1010101011 + 110110110010?
101100000111
In base 12, what is -2182 - 4a650?
-50812
In base 13, what is 226 + -15ac76?
-15aa50
In base 2, what is -10100011111101100111 + 1011010?
-10100011111100001101
In base 12, what is 12573 + a62?
13415
In base 9, what is 173 - -446172?
446355
In base 5, what is 4424400230 + -310?
4424344420
In base 13, what is 4 + 4418b05?
4418b09
In base 5, what is -4 - 2224030313?
-2224030322
In base 13, what is -c6 - 29643?
-29739
In base 7, what is 4550021660 + -1?
4550021656
In base 8, what is 1 - -47422162?
47422163
In base 9, what is 414 - -10148?
10563
In base 13, what is b86b950 - 2?
b86b94b
In base 15, what is -95742 - 8c?
-957ce
In base 13, what is 2132 + -33663?
-31531
In base 6, what is 10 + -41041530?
-41041520
In base 6, what is -322015341 - 4?
-322015345
In base 5, what is 1010410240 - 30?
1010410210
In base 5, what is -400043 - -41221?
-303322
In base 13, what is -45 - -10cc552?
10cc50a
In base 7, what is -554603420 - -3?
-554603414
In base 9, what is 17 + 36574058?
36574076
In base 11, what is 97563 + -38?
97526
In base 16, what is -7a - -7a69?
79ef
In base 10, what is 19704761 + -4?
19704757
In base 5, what is 3100314 + 100220?
3201034
In base 2, what is 1000001001101111100 + 11000?
1000001001110010100
In base 4, what is 202220